*q = -b - 143, -2*q - 4*b = -9*b - 49. What is the units digit of q?
7
Let h = 17 - -23. Suppose -h = -4*i - 0*i. Let u = 22 - i. What is the tens digit of u?
1
What is the tens digit of (92/115)/((-2)/(-70))?
2
Let r = -61 + 339. What is the units digit of r?
8
What is the units digit of ((-68)/6)/(8/(-12))?
7
Let g = 9 + -9. Suppose -5*y + 7*y - 84 = g. What is the tens digit of y?
4
Suppose 4*g + 448 = 1356. What is the units digit of g?
7
Let r = 676 - 226. What is the tens digit of r?
5
Suppose 5*r = 28 + 17. Suppose 3 = 2*b - r. What is the units digit of b?
6
Suppose 4*k - 72 = -5*c, 8*k = c + 4*k. What is the tens digit of c?
1
Let b be 1 + -4*-1*1. Let h(l) be the third derivative of l**5/60 - l**4/6 + l**3/6 - l**2. What is the units digit of h(b)?
6
Let p = 5 + -3. Suppose -n = -p*n + 11. What is the units digit of n?
1
Let y be 1 + (1 - 7 - -2). What is the units digit of 0 - -1 - (-5 + y)?
9
Suppose 2 - 1 = -k. Let v be 1 - -1 - 0/k. What is the units digit of 11/2 - v/(-4)?
6
Suppose 0 = -4*q - 2*m - 14, 5*m + 0*m + 7 = 4*q. Let t = 3 - q. Suppose p - 2*v = 2 + 6, -5*p = t*v + 5. What is the units digit of p?
2
Let h(f) = f + 6. Let x be h(-3). Suppose x*n + 2*m - 28 = 0, -34 = -4*n - 3*m + m. Suppose -18 = -3*y + n. What is the units digit of y?
8
Let k(a) = 10*a + 10. Let d be k(7). Suppose -2*s = 2*w - d, -2*s - 2*s = -2*w - 136. What is the units digit of s?
6
Suppose -2 = -0*t - 2*t. Let r be (0*(-2)/(-4))/t. Let a = 5 - r. What is the units digit of a?
5
Suppose 4*t + 28 = -2*i, 5*i + 29 = -5*t - 21. Let s(w) = -w - 1. Let p(j) = 4*j - 2. Let l(k) = -p(k) - 3*s(k). What is the units digit of l(i)?
1
Let l = -38 - -23. What is the tens digit of (-3)/l + 74/5?
1
Suppose 3*t - 15 = -2*i + 14, t = 3*i - 16. Let a = 16 - i. Suppose a = w - 1. What is the units digit of w?
0
Let u(b) = b**3 + 5*b**2 + 3*b + 5. Let d be u(-4). Suppose p + d = 42. What is the tens digit of p?
3
Let y(d) = 4*d**3 + d**2 - 1. Let i be y(1). Suppose -3*h + 37 + 31 = i*l, -2*h = -l + 17. What is the tens digit of l?
1
Suppose -d + 3 + 0 = 2*i, 6 = 2*d. Let f = 1 - i. What is the units digit of f?
1
Suppose -8*l + 318 + 442 = 0. What is the units digit of l?
5
Let p(f) = 5*f**3 - 3*f**2 - f - 2. What is the hundreds digit of p(3)?
1
Let t be (66/12)/((-2)/(-4)). Let z = t + -7. What is the units digit of z?
4
Let c = 12 - -93. What is the units digit of c?
5
Let s be 1 + -14 + 0 + -2. Let n = s - -26. What is the units digit of 0/(0 + -2) + n?
1
Let c = 352 - 107. What is the units digit of c?
5
Suppose 3*u - 5 = 2*u. Suppose -u*z = -7*f + 2*f - 25, z = 2*f + 6. Suppose 0 = z*h - 4, -4*i = -2*h + h - 51. What is the tens digit of i?
1
Let s = 69 - -11. Suppose 5*i = 4*h - s, 2*h = -h + 3*i + 57. What is the tens digit of h?
1
Suppose -46 = -3*a + 4*o, 3 + 4 = a - 3*o. What is the units digit of a?
2
Let o = -259 + 394. What is the tens digit of o?
3
Let g(k) = k**3 - 7*k**2 - 9*k + 8. Let r be g(8). Suppose 2*q + 9 - 33 = r. What is the units digit of 5*1*q/10?
6
Suppose 7*p = -130 + 690. What is the units digit of p?
0
Suppose 2*a + 438 = 3*a. Let f be a/24 - (-2)/(-8). Suppose t = -5*c + 11, -4*c + 6*c + f = t. What is the tens digit of t?
1
Suppose -73 + 23 = -5*n. What is the units digit of (8/n)/(1/5)?
4
Let i be 1 + -1 + 1 - 4. Let o(d) = d - 1. Let t(z) = -4*z + 3. Let b(y) = -5*o(y) - t(y). What is the units digit of b(i)?
5
Let k(y) = y**3 + 7*y - 4. Let o(v) = -3*v**3 - 20*v + 13. Let b(s) = 17*k(s) + 6*o(s). Let l(g) = -g + 5. Let p be l(5). What is the units digit of b(p)?
0
Suppose -2*o + 6*i - 2*i + 22 = 0, -o + 3*i + 8 = 0. What is the units digit of o?
7
Let c(f) = -f**3 - 7*f**2 - 7*f + 5. Let q be c(-6). Let l = 23 + q. What is the units digit of l?
4
Let f(d) = 2*d**2 - 2*d + 2. Let h be f(3). Suppose r - 5 = -3*q, 0 = -5*q - 0*r + 4*r + h. What is the units digit of 65/15 + q/3?
5
Let t(f) = 3*f**2 + 3*f. Let y = 0 + -2. Let d be t(y). Suppose -4*q - 6 = -d*q + 3*x, -3*q - 2*x = -22. What is the units digit of q?
6
Let b(w) = w**2 - 5*w + 6. Let s be b(4). Let o(g) = 0*g**3 - g**3 - 4 + 2*g**3 - g**2 + s. What is the units digit of o(2)?
2
Suppose -88 = -2*f + f. Suppose 0*w = 3*d - 3*w - 57, 2*w - f = -5*d. What is the units digit of d?
8
Let f(j) = j + 1. Let q be (2 - -3)/(2 - 1). Suppose 2*m - 10 = -q*r - 3, -2*m = r - 11. What is the units digit of f(m)?
7
Let l(d) = -d + 1. Let b(o) = -15*o + 6. Let n(m) = -b(m) + 5*l(m). What is the units digit of n(1)?
9
Let y(q) = -q - 4. Let o be -1*1 + (-48)/8. Let b be y(o). Suppose 4*t = b*t - 3*i + 24, -i = -t + 16. What is the units digit of t?
8
Suppose 4*z + 4 = 0, -143 = -2*m - 4*z + 3*z. What is the units digit of m?
2
Suppose 5*q - 687 = 283. What is the tens digit of q?
9
Let x(g) = 2*g**2 + 3*g + 0*g - 5*g. Suppose -a + 2 + 0 = 0. What is the units digit of x(a)?
4
Let t(j) = j**3 + 6*j**2 + 4*j - 2. Suppose 1 = i - 2. Let g be 2 + -1 + (-15)/i. What is the tens digit of t(g)?
1
Let g = 48 - -14. What is the units digit of g?
2
Let s(l) = -7*l + 1. Let b(o) = -13*o + 2. Let w(n) = -6*b(n) + 11*s(n). Let t(c) = -6*c + 4. Let d(f) = t(f) + 5*w(f). What is the units digit of d(-4)?
3
What is the units digit of ((-3)/12)/(1/(-12))?
3
Let x = 35 - 11. Suppose d = -3*d + x. What is the units digit of d?
6
Let j = -9 - -10. What is the units digit of (12/j)/((-6)/(-4))?
8
Suppose -5*u + 195 = -4*k, 0*u - k = -3*u + 117. What is the tens digit of u?
3
Let s = -17 + 13. What is the tens digit of ((-8)/5)/(s/70)?
2
Let k(q) be the second derivative of q**4/2 + q**3/6 - 2*q. Let v be k(-1). Suppose 31 = 3*l - v. What is the units digit of l?
2
Let u(k) = k**3 - 6*k**2 + 7*k - 3. Let d = 10 + -5. What is the units digit of u(d)?
7
Let y = 42 + -64. Let i = y - -49. What is the tens digit of i?
2
Suppose x + 2*x + 21 = 3*o, 12 = -3*x. Let n be (2*(-3)/3)/(-2 + 1). Suppose 28 = n*y - 2*i, 2*y + o*i - 23 = -10. What is the units digit of y?
1
Let t(w) = w + 12. Let q be (-6)/(-9) - (-6)/(-9). What is the units digit of t(q)?
2
What is the hundreds digit of ((-556)/(-12))/(5/15)?
1
Suppose -20 - 73 = -3*b. What is the units digit of b?
1
Suppose -2*s - 3*q + 12 = -4, 8 = -2*s + 3*q. Suppose 4*n - 62 = s*n. What is the tens digit of n?
3
Let a(s) = 2*s**2 + 5*s + 7. Let v be a(5). Suppose -3*x + v = 5*f + x, 0 = 3*f + x - 45. Suppose -2*n = -4*n + f. What is the units digit of n?
7
Suppose -4*c + 2*c + 2*k + 32 = 0, c - 3*k - 20 = 0. Let i = c - 7. What is the units digit of i?
7
Let u be ((-1)/(-2))/((-5)/120). Let x = u - -25. What is the units digit of x?
3
Suppose -4*h - 2*q = -320, 0 = 5*h + q - 6*q - 400. Suppose 5*l - 3*n = 58, -5*l + h = -n + 24. Suppose 0*w = -w + l. What is the tens digit of w?
1
Let k(j) = j**3 + j**2 - 5*j + 7. Let i(q) = -q**3 + 6*q - 8. Let l(p) = 4*i(p) + 5*k(p). What is the units digit of l(-5)?
8
Let p(y) = -48*y - 27. What is the hundreds digit of p(-4)?
1
Suppose 0 = -5*u - 3*y + 3, 4 = 5*u + 4*y + 5. Let f = u + 2. What is the units digit of f?
5
Let o(u) = -3*u - 2. Let h(t) = -t - 10. Let q be h(-8). What is the units digit of o(q)?
4
Let y(h) = -h - 7. Suppose -3*n - 22 = 2. Let z be y(n). What is the units digit of (-24)/15*-5*z?
8
Let v = 18 + -9. What is the units digit of v?
9
Let z be (0/(-3 + 7))/(-1). Suppose 2*r - 5 = r. Suppose -4*v + 16 = z, n - 15 = 6*n - r*v. What is the units digit of n?
1
Suppose -29 = -m - 3. Suppose m = n - 0. What is the units digit of n?
6
Let t(u) = -u**2 + 5*u - 2. Let k be t(3). Suppose 0 = -5*w + k*d + 22, -4*w - 4*d = w + 2. What is the units digit of 1/(w*(-2)/(-16))?
4
What is the units digit of ((-1)/(-1))/(2/98)?
9
Let d(n) = -n**2 - 5*n - 1. Let h be d(-4). Let o = 13 - 8. Suppose -o*w + 13 = h. What is the units digit of w?
2
Let y(u) = 10*u - 5. Let o(z) = 21*z - 11. Let j = -5 + 11. Let t(b) = j*o(b) - 13*y(b). What is the units digit of t(-1)?
3
Let z(t) = t**2 - 6*t - 7. Let v be z(7). Let r be (8 - 1) + 2 + v. Let y(b) = 2*b - 13. What is the units digit of y(r)?
5
Suppose -4*w - 1 = 5*v - 22, 14 = 3*w + 2*v. Suppose -3*o - 3*k = -18, -w*k + 23 = 3*o + 5. Let z = 11 - o. What is the units digit of z?
5
Suppose y + 4*r - 17 = 0, y + 11 = -y + r. What is the units digit of (-62)/(-8) - y/12?
8
Let b(v) 